{"id":176,"date":"2019-11-06T22:14:41","date_gmt":"2019-11-06T21:14:41","guid":{"rendered":"https:\/\/lafabrique-lessables.com\/?page_id=176"},"modified":"2024-10-06T16:58:26","modified_gmt":"2024-10-06T14:58:26","slug":"informations-legales-et-politique-de-confidentialite","status":"publish","type":"page","link":"https:\/\/lafabrique-lessables.com\/?page_id=176","title":{"rendered":"Informations l\u00e9gales et politique de confidentialit\u00e9"},"content":{"rendered":"<div class=\"\" style=\"\" >\n    \n    <section class=\"u-clearfix u-section-2\" id=\"sec-5c34\">\n      <div class=\"u-clearfix u-sheet u-sheet-1\">\n        <p class=\"u-text u-text-1\"> Informations l\u00e9gales et politique de confidentialit\u00e9<br>\n          <br>CONDITIONS G\u00c9N\u00c9RALES D\u2019UTILISATION<br>Votre utilisation de ce site web constitue votre acceptation des conditions g\u00e9n\u00e9rales et mentions d\u2019avertissement. Ce site peut contenir des liens vers d\u2019autres sites web. LASTREGA (La Fabrique), n\u2019assume aucune responsabilit\u00e9 sur le contenu des sites autres que ceux faisant partie du domaine : lafabrique-lessables.com\nL\u2019ensemble de ce site rel\u00e8ve de la l\u00e9gislation fran\u00e7aise et internationale sur le droit d\u2019auteur et la propri\u00e9t\u00e9 intellectuelle. Tous les droits de reproduction sont r\u00e9serv\u00e9s, y compris pour les documents t\u00e9l\u00e9chargeables, les repr\u00e9sentations iconographiques et photographiques, ainsi que les contenus r\u00e9dactionnels. Les marques cit\u00e9es appartiennent \u00e0 leurs propri\u00e9taires respectifs.\nLa reproduction de tout ou partie de ce site sur un support \u00e9lectronique quel qu\u2019il soit est formellement interdite sauf autorisation expresse du directeur de publication. Vous vous engagez \u00e0 ne pas utiliser ce site \u00e0 des fins illicites ou interdites par les lois ou par les mentions l\u00e9gales et contractuelles.<br>\n          <br>CONTENU\nNous apportons beaucoup d\u2019attention \u00e0 l\u2019exactitude des donn\u00e9es contenues sur notre site web. Si n\u00e9anmoins vous trouviez une information incorrecte ou erron\u00e9e dans nos pages, merci de nous avertir par E-mail \u00e0 l\u2019adresse : contact@lafabrique-lessables.com.<br>\n          <br>RESPECT DE LA VIE PRIV\u00c9E\nNous nous engageons \u00e0 respecter votre vie priv\u00e9e.<br>Si vous nous contactez via notre formulaire de contact de notre site internet, les informations r\u00e9colt\u00e9es (noms, pr\u00e9noms, num\u00e9ro de t\u00e9l\u00e9phone, adresse \u00e9lectronique\u2026), nous servent uniquement \u00e0 pouvoir r\u00e9pondre au mieux \u00e0 vos demandes. Conform\u00e9ment \u00e0 la loi Informatique et Libert\u00e9s du 6 janvier 1978 modifi\u00e9e, vous disposez de droits d\u2019acc\u00e8s, de rectification et d\u2019opposition aux donn\u00e9es vous concernant, que vous pouvez exercer en nous contactant par E-Mail \u00e0 l\u2019adresse : \u200bcontact@lafabrique-lessables.com.<br>\n          <br>Pour plus d\u2019informations, nous vous invitons \u00e0 consulter le site internet&nbsp;:&nbsp;<a href=\"https:\/\/www.cnil.fr\/\" class=\"u-btn u-button-style u-text-palette-1-base u-btn-1\">cnil.fr<\/a>&nbsp;(commission nationale de l\u2019informatique et des libert\u00e9s).<br>\n          <br>EDITEUR DU SITE<br>LASTREGA 1&nbsp;rue Travot\n85100 Les Sables d\u2019Olonne<br>T\u00e9l. : 02 51 21 49 65<br>SIRET : \u200b98753811300018<br>\n          <br>ENSEIGNE<br>La Fabrique<br>\n          <br>R\u00c9ALISATION DU SITE : <a href=\"https:\/\/www.vendeecom.fr\/\" class=\"u-btn u-button-link u-button-style u-text-palette-1-base u-btn-2\" target=\"_blank\">VENDEECOM<\/a>\n          <br>H\u00c9BERGEMENT :&nbsp;<a href=\"https:\/\/www.ovh.com\/fr\/\" class=\"u-btn u-button-style u-text-palette-1-base u-btn-3\">Ovh<\/a>\n        <\/p>\n      <\/div>\n    <\/section>\n    \n    \n    \n  \n<\/div>","protected":false},"excerpt":{"rendered":"<p>Informations l\u00e9gales et politique de confidentialit\u00e9 CONDITIONS G\u00c9N\u00c9RALES D\u2019UTILISATIONVotre utilisation de ce site web constitue votre acceptation des conditions g\u00e9n\u00e9rales et mentions d\u2019avertissement. Ce site peut contenir des liens vers d\u2019autres sites web. LASTREGA (La Fabrique), n\u2019assume aucune responsabilit\u00e9 sur le contenu des sites autres que ceux faisant partie du domaine : lafabrique-lessables.com L\u2019ensemble de [&hellip;]<\/p>\n","protected":false},"author":1,"featured_media":0,"parent":0,"menu_order":0,"comment_status":"closed","ping_status":"closed","template":"","meta":{"footnotes":""},"class_list":["post-176","page","type-page","status-publish","hentry"],"yoast_head":"<!-- This site is optimized with the Yoast SEO plugin v27.5 - https:\/\/yoast.com\/product\/yoast-seo-wordpress\/ -->\n<title>Informations l\u00e9gales et politique de confidentialit\u00e9 - Mangerie La Fabrique Les Sables d&#039;Olonne<\/title>\n<meta name=\"robots\" content=\"index, follow, max-snippet:-1, max-image-preview:large, max-video-preview:-1\" \/>\n<link rel=\"canonical\" href=\"https:\/\/lafabrique-lessables.com\/?page_id=176\" \/>\n<meta property=\"og:locale\" content=\"fr_FR\" \/>\n<meta property=\"og:type\" content=\"article\" \/>\n<meta property=\"og:title\" content=\"Informations l\u00e9gales et politique de confidentialit\u00e9 - Mangerie La Fabrique Les Sables d&#039;Olonne\" \/>\n<meta property=\"og:description\" content=\"Informations l\u00e9gales et politique de confidentialit\u00e9 CONDITIONS G\u00c9N\u00c9RALES D\u2019UTILISATIONVotre utilisation de ce site web constitue votre acceptation des conditions g\u00e9n\u00e9rales et mentions d\u2019avertissement. Ce site peut contenir des liens vers d\u2019autres sites web. LASTREGA (La Fabrique), n\u2019assume aucune responsabilit\u00e9 sur le contenu des sites autres que ceux faisant partie du domaine : lafabrique-lessables.com L\u2019ensemble de [&hellip;]\" \/>\n<meta property=\"og:url\" content=\"https:\/\/lafabrique-lessables.com\/?page_id=176\" \/>\n<meta property=\"og:site_name\" content=\"Mangerie La Fabrique Les Sables d&#039;Olonne\" \/>\n<meta property=\"article:modified_time\" content=\"2024-10-06T14:58:26+00:00\" \/>\n<meta name=\"twitter:card\" content=\"summary_large_image\" \/>\n<meta name=\"twitter:label1\" content=\"Dur\u00e9e de lecture estim\u00e9e\" \/>\n\t<meta name=\"twitter:data1\" content=\"2 minutes\" \/>\n<script type=\"application\/ld+json\" class=\"yoast-schema-graph\">{\"@context\":\"https:\\\/\\\/schema.org\",\"@graph\":[{\"@type\":\"WebPage\",\"@id\":\"https:\\\/\\\/lafabrique-lessables.com\\\/?page_id=176\",\"url\":\"https:\\\/\\\/lafabrique-lessables.com\\\/?page_id=176\",\"name\":\"Informations l\u00e9gales et politique de confidentialit\u00e9 - Mangerie La Fabrique Les Sables d&#039;Olonne\",\"isPartOf\":{\"@id\":\"https:\\\/\\\/lafabrique-lessables.com\\\/#website\"},\"datePublished\":\"2019-11-06T21:14:41+00:00\",\"dateModified\":\"2024-10-06T14:58:26+00:00\",\"breadcrumb\":{\"@id\":\"https:\\\/\\\/lafabrique-lessables.com\\\/?page_id=176#breadcrumb\"},\"inLanguage\":\"fr-FR\",\"potentialAction\":[{\"@type\":\"ReadAction\",\"target\":[\"https:\\\/\\\/lafabrique-lessables.com\\\/?page_id=176\"]}]},{\"@type\":\"BreadcrumbList\",\"@id\":\"https:\\\/\\\/lafabrique-lessables.com\\\/?page_id=176#breadcrumb\",\"itemListElement\":[{\"@type\":\"ListItem\",\"position\":1,\"name\":\"Accueil\",\"item\":\"https:\\\/\\\/lafabrique-lessables.com\\\/\"},{\"@type\":\"ListItem\",\"position\":2,\"name\":\"Informations l\u00e9gales et politique de confidentialit\u00e9\"}]},{\"@type\":\"WebSite\",\"@id\":\"https:\\\/\\\/lafabrique-lessables.com\\\/#website\",\"url\":\"https:\\\/\\\/lafabrique-lessables.com\\\/\",\"name\":\"Mangerie La Fabrique Les Sables d&#039;Olonne\",\"description\":\"Burgers, Wraps, Panini, Kebab, Crock, livr\u00e9 \u00e0 domicile.\",\"potentialAction\":[{\"@type\":\"SearchAction\",\"target\":{\"@type\":\"EntryPoint\",\"urlTemplate\":\"https:\\\/\\\/lafabrique-lessables.com\\\/?s={search_term_string}\"},\"query-input\":{\"@type\":\"PropertyValueSpecification\",\"valueRequired\":true,\"valueName\":\"search_term_string\"}}],\"inLanguage\":\"fr-FR\"}]}<\/script>\n<!-- \/ Yoast SEO plugin. -->","yoast_head_json":{"title":"Informations l\u00e9gales et politique de confidentialit\u00e9 - Mangerie La Fabrique Les Sables d&#039;Olonne","robots":{"index":"index","follow":"follow","max-snippet":"max-snippet:-1","max-image-preview":"max-image-preview:large","max-video-preview":"max-video-preview:-1"},"canonical":"https:\/\/lafabrique-lessables.com\/?page_id=176","og_locale":"fr_FR","og_type":"article","og_title":"Informations l\u00e9gales et politique de confidentialit\u00e9 - Mangerie La Fabrique Les Sables d&#039;Olonne","og_description":"Informations l\u00e9gales et politique de confidentialit\u00e9 CONDITIONS G\u00c9N\u00c9RALES D\u2019UTILISATIONVotre utilisation de ce site web constitue votre acceptation des conditions g\u00e9n\u00e9rales et mentions d\u2019avertissement. Ce site peut contenir des liens vers d\u2019autres sites web. LASTREGA (La Fabrique), n\u2019assume aucune responsabilit\u00e9 sur le contenu des sites autres que ceux faisant partie du domaine : lafabrique-lessables.com L\u2019ensemble de [&hellip;]","og_url":"https:\/\/lafabrique-lessables.com\/?page_id=176","og_site_name":"Mangerie La Fabrique Les Sables d&#039;Olonne","article_modified_time":"2024-10-06T14:58:26+00:00","twitter_card":"summary_large_image","twitter_misc":{"Dur\u00e9e de lecture estim\u00e9e":"2 minutes"},"schema":{"@context":"https:\/\/schema.org","@graph":[{"@type":"WebPage","@id":"https:\/\/lafabrique-lessables.com\/?page_id=176","url":"https:\/\/lafabrique-lessables.com\/?page_id=176","name":"Informations l\u00e9gales et politique de confidentialit\u00e9 - Mangerie La Fabrique Les Sables d&#039;Olonne","isPartOf":{"@id":"https:\/\/lafabrique-lessables.com\/#website"},"datePublished":"2019-11-06T21:14:41+00:00","dateModified":"2024-10-06T14:58:26+00:00","breadcrumb":{"@id":"https:\/\/lafabrique-lessables.com\/?page_id=176#breadcrumb"},"inLanguage":"fr-FR","potentialAction":[{"@type":"ReadAction","target":["https:\/\/lafabrique-lessables.com\/?page_id=176"]}]},{"@type":"BreadcrumbList","@id":"https:\/\/lafabrique-lessables.com\/?page_id=176#breadcrumb","itemListElement":[{"@type":"ListItem","position":1,"name":"Accueil","item":"https:\/\/lafabrique-lessables.com\/"},{"@type":"ListItem","position":2,"name":"Informations l\u00e9gales et politique de confidentialit\u00e9"}]},{"@type":"WebSite","@id":"https:\/\/lafabrique-lessables.com\/#website","url":"https:\/\/lafabrique-lessables.com\/","name":"Mangerie La Fabrique Les Sables d&#039;Olonne","description":"Burgers, Wraps, Panini, Kebab, Crock, livr\u00e9 \u00e0 domicile.","potentialAction":[{"@type":"SearchAction","target":{"@type":"EntryPoint","urlTemplate":"https:\/\/lafabrique-lessables.com\/?s={search_term_string}"},"query-input":{"@type":"PropertyValueSpecification","valueRequired":true,"valueName":"search_term_string"}}],"inLanguage":"fr-FR"}]}},"jetpack_sharing_enabled":true,"_links":{"self":[{"href":"https:\/\/lafabrique-lessables.com\/index.php?rest_route=\/wp\/v2\/pages\/176","targetHints":{"allow":["GET"]}}],"collection":[{"href":"https:\/\/lafabrique-lessables.com\/index.php?rest_route=\/wp\/v2\/pages"}],"about":[{"href":"https:\/\/lafabrique-lessables.com\/index.php?rest_route=\/wp\/v2\/types\/page"}],"author":[{"embeddable":true,"href":"https:\/\/lafabrique-lessables.com\/index.php?rest_route=\/wp\/v2\/users\/1"}],"replies":[{"embeddable":true,"href":"https:\/\/lafabrique-lessables.com\/index.php?rest_route=%2Fwp%2Fv2%2Fcomments&post=176"}],"version-history":[{"count":9,"href":"https:\/\/lafabrique-lessables.com\/index.php?rest_route=\/wp\/v2\/pages\/176\/revisions"}],"predecessor-version":[{"id":544,"href":"https:\/\/lafabrique-lessables.com\/index.php?rest_route=\/wp\/v2\/pages\/176\/revisions\/544"}],"wp:attachment":[{"href":"https:\/\/lafabrique-lessables.com\/index.php?rest_route=%2Fwp%2Fv2%2Fmedia&parent=176"}],"curies":[{"name":"wp","href":"https:\/\/api.w.org\/{rel}","templated":true}]}}