{"id":13,"date":"2019-06-28T18:11:43","date_gmt":"2019-06-28T16:11:43","guid":{"rendered":"https:\/\/lafabrique-lessables.com\/?page_id=13"},"modified":"2025-05-09T12:04:11","modified_gmt":"2025-05-09T10:04:11","slug":"les-burgers","status":"publish","type":"page","link":"https:\/\/lafabrique-lessables.com\/?page_id=13","title":{"rendered":"Les Burgers"},"content":{"rendered":"<div class=\"\" style=\"\" >\n    \n    <section class=\"u-black u-clearfix u-valign-middle-sm u-valign-middle-xs u-section-2\" id=\"sec-7709\">\n      <div class=\"data-layout-selected u-clearfix u-expanded-width u-gutter-0 u-layout-wrap u-layout-wrap-1\">\n        <div class=\"u-layout\" style=\"\">\n          <div class=\"u-layout-row\" style=\"\">\n            <div class=\"u-align-left u-container-align-left u-container-style u-image u-layout-cell u-left-cell u-size-22 u-size-xs-60 u-image-1\" src=\"\" data-image-width=\"800\" data-image-height=\"800\" style=\"background-image: url(&quot;https:\/\/lafabrique-lessables.com\/wp-content\/uploads\/2019\/07\/68262095ebf42b8c4237cd114048900f_BurgerLesSables.jpg&quot;);\">\n              <div class=\"u-container-layout u-container-layout-1\" src=\"\"><\/div>\n            <\/div>\n            <div class=\"u-align-left u-container-align-left u-container-style u-image u-layout-cell u-right-cell u-shading u-size-38 u-size-xs-60 u-image-2\" data-image-width=\"2048\" data-image-height=\"1365\" style=\"background-image: linear-gradient(0deg, rgba(0, 0, 0, 0.75), rgba(0, 0, 0, 0.75)), url(&quot;https:\/\/lafabrique-lessables.com\/wp-content\/uploads\/2020\/05\/64749d8fb5b7d045174164936c7e58b5_lafabrique4573-2048x1365.jpg&quot;);\">\n              <div class=\"u-container-layout u-container-layout-2\">\n                <h2 class=\"u-align-left u-text u-text-default u-text-1\"> Les burgers&nbsp;<\/h2>\n                <p class=\"u-align-left u-text u-text-2\"> Chaque burger est accompagn\u00e9 de sa sauce secr\u00e8te maison<\/p>\n                <p class=\"u-align-left u-text u-text-3\"><span style=\"font-weight: 700;\"><span style=\"font-weight: 700;\">CHEESE<\/span><span style=\"font-weight: 700;\">&nbsp;BURGER<\/span><\/span><span style=\"font-weight: 700;\">(Unit\u00e9) 7,50\u20ac - (Menu frites + boisson)&nbsp;13,50\u20ac<\/span>\n                  <br>Steak (150g), cheddar, oignons rouges, sauce maison, oignons frits, tomate, salade.<br>\n                  <br><span style=\"font-weight: 700;\">LE CHEESE BACON \u200b(Unit\u00e9) 7,70\u20ac - (Menu frites + boisson)&nbsp;13,70\u20ac<\/span>\n                  <br>Steak \u200b(150g), cheddar, oignons rouges, bacon, sauce BBQ maison, oignons frits, tomate, salade.<br>\n                  <br><span style=\"font-weight: 700;\">LE FRENCHIE <\/span><span style=\"font-weight: 700;\">(Unit\u00e9) 7,70\u20ac - (Menu frites + boisson)&nbsp;13,70\u20ac<\/span>\n                  <br>Steak (150g), emmental, compot\u00e9e d\u2019oignons, sauce moutarde \u00e0 l'ancienne, oignons frits, tomate, salade.<br>\n                  <br><span style=\"font-weight: 700;\">LE V\u00c9G\u00c9TARIEN \u200b\u200b(Unit\u00e9) 9,00\u20ac - (Menu frites + boisson)&nbsp;15,00\u20ac<\/span>\n                  <br>Galette de l\u00e9gumes, ch\u00e8vre, oignons rouges, sauce blanche, maison,&nbsp; oignons frits, tomate, salade.<br>\n                  <br><span style=\"font-weight: 700;\">CRISPY CHICKEN \u200b(Unit\u00e9) 8,80\u20ac - (Menu frites + boisson)&nbsp;14,80\u20ac<\/span>\n                  <br>Tenders de poulet, cheddar, oignons rouges, bacon, sauce curry mango,&nbsp; oignons frits, tomate, salade.<br>\n                  <br><span style=\"font-weight: 700;\">LE BIQUE BURGER<\/span> (Unit\u00e9) 8,80\u20ac - (Menu frites + boisson)&nbsp;14,80\u20ac<br>Steak (150g), fromage de ch\u00e8vre, galette de pomme de terre, oignons rouges, sauce maison, tomate, salade, oignons frits.\n                <\/p>\n              <\/div>\n            <\/div>\n          <\/div>\n        <\/div>\n      <\/div>\n    <\/section>\n    \n    \n    \n  \n<\/div>","protected":false},"excerpt":{"rendered":"<p>Les burgers&nbsp; Chaque burger est accompagn\u00e9 de sa sauce secr\u00e8te maison CHEESE&nbsp;BURGER(Unit\u00e9) 7,50\u20ac &#8211; (Menu frites + boisson)&nbsp;13,50\u20ac Steak (150g), cheddar, oignons rouges, sauce maison, oignons frits, tomate, salade. LE CHEESE BACON \u200b(Unit\u00e9) 7,70\u20ac &#8211; (Menu frites + boisson)&nbsp;13,70\u20ac Steak \u200b(150g), cheddar, oignons rouges, bacon, sauce BBQ maison, oignons frits, tomate, salade. LE FRENCHIE (Unit\u00e9) [&hellip;]<\/p>\n","protected":false},"author":1,"featured_media":0,"parent":0,"menu_order":0,"comment_status":"closed","ping_status":"closed","template":"templates\/front_1.php","meta":{"footnotes":""},"class_list":["post-13","page","type-page","status-publish","hentry"],"yoast_head":"<!-- This site is optimized with the Yoast SEO plugin v27.5 - https:\/\/yoast.com\/product\/yoast-seo-wordpress\/ -->\n<title>Les Burgers - Mangerie La Fabrique Les Sables d&#039;Olonne<\/title>\n<meta name=\"robots\" content=\"index, follow, max-snippet:-1, max-image-preview:large, max-video-preview:-1\" \/>\n<link rel=\"canonical\" href=\"https:\/\/lafabrique-lessables.com\/?page_id=13\" \/>\n<meta property=\"og:locale\" content=\"fr_FR\" \/>\n<meta property=\"og:type\" content=\"article\" \/>\n<meta property=\"og:title\" content=\"Les Burgers - Mangerie La Fabrique Les Sables d&#039;Olonne\" \/>\n<meta property=\"og:description\" content=\"Les burgers&nbsp; Chaque burger est accompagn\u00e9 de sa sauce secr\u00e8te maison CHEESE&nbsp;BURGER(Unit\u00e9) 7,50\u20ac - (Menu frites + boisson)&nbsp;13,50\u20ac Steak (150g), cheddar, oignons rouges, sauce maison, oignons frits, tomate, salade. LE CHEESE BACON \u200b(Unit\u00e9) 7,70\u20ac - (Menu frites + boisson)&nbsp;13,70\u20ac Steak \u200b(150g), cheddar, oignons rouges, bacon, sauce BBQ maison, oignons frits, tomate, salade. LE FRENCHIE (Unit\u00e9) [&hellip;]\" \/>\n<meta property=\"og:url\" content=\"https:\/\/lafabrique-lessables.com\/?page_id=13\" \/>\n<meta property=\"og:site_name\" content=\"Mangerie La Fabrique Les Sables d&#039;Olonne\" \/>\n<meta property=\"article:modified_time\" content=\"2025-05-09T10:04:11+00:00\" \/>\n<meta name=\"twitter:card\" content=\"summary_large_image\" \/>\n<meta name=\"twitter:label1\" content=\"Dur\u00e9e de lecture estim\u00e9e\" \/>\n\t<meta name=\"twitter:data1\" content=\"1 minute\" \/>\n<script type=\"application\/ld+json\" class=\"yoast-schema-graph\">{\"@context\":\"https:\\\/\\\/schema.org\",\"@graph\":[{\"@type\":\"WebPage\",\"@id\":\"https:\\\/\\\/lafabrique-lessables.com\\\/?page_id=13\",\"url\":\"https:\\\/\\\/lafabrique-lessables.com\\\/?page_id=13\",\"name\":\"Les Burgers - Mangerie La Fabrique Les Sables d&#039;Olonne\",\"isPartOf\":{\"@id\":\"https:\\\/\\\/lafabrique-lessables.com\\\/#website\"},\"datePublished\":\"2019-06-28T16:11:43+00:00\",\"dateModified\":\"2025-05-09T10:04:11+00:00\",\"breadcrumb\":{\"@id\":\"https:\\\/\\\/lafabrique-lessables.com\\\/?page_id=13#breadcrumb\"},\"inLanguage\":\"fr-FR\",\"potentialAction\":[{\"@type\":\"ReadAction\",\"target\":[\"https:\\\/\\\/lafabrique-lessables.com\\\/?page_id=13\"]}]},{\"@type\":\"BreadcrumbList\",\"@id\":\"https:\\\/\\\/lafabrique-lessables.com\\\/?page_id=13#breadcrumb\",\"itemListElement\":[{\"@type\":\"ListItem\",\"position\":1,\"name\":\"Accueil\",\"item\":\"https:\\\/\\\/lafabrique-lessables.com\\\/\"},{\"@type\":\"ListItem\",\"position\":2,\"name\":\"Les Burgers\"}]},{\"@type\":\"WebSite\",\"@id\":\"https:\\\/\\\/lafabrique-lessables.com\\\/#website\",\"url\":\"https:\\\/\\\/lafabrique-lessables.com\\\/\",\"name\":\"Mangerie La Fabrique Les Sables d&#039;Olonne\",\"description\":\"Burgers, Wraps, Panini, Kebab, Crock, livr\u00e9 \u00e0 domicile.\",\"potentialAction\":[{\"@type\":\"SearchAction\",\"target\":{\"@type\":\"EntryPoint\",\"urlTemplate\":\"https:\\\/\\\/lafabrique-lessables.com\\\/?s={search_term_string}\"},\"query-input\":{\"@type\":\"PropertyValueSpecification\",\"valueRequired\":true,\"valueName\":\"search_term_string\"}}],\"inLanguage\":\"fr-FR\"}]}<\/script>\n<!-- \/ Yoast SEO plugin. -->","yoast_head_json":{"title":"Les Burgers - Mangerie La Fabrique Les Sables d&#039;Olonne","robots":{"index":"index","follow":"follow","max-snippet":"max-snippet:-1","max-image-preview":"max-image-preview:large","max-video-preview":"max-video-preview:-1"},"canonical":"https:\/\/lafabrique-lessables.com\/?page_id=13","og_locale":"fr_FR","og_type":"article","og_title":"Les Burgers - Mangerie La Fabrique Les Sables d&#039;Olonne","og_description":"Les burgers&nbsp; Chaque burger est accompagn\u00e9 de sa sauce secr\u00e8te maison CHEESE&nbsp;BURGER(Unit\u00e9) 7,50\u20ac - (Menu frites + boisson)&nbsp;13,50\u20ac Steak (150g), cheddar, oignons rouges, sauce maison, oignons frits, tomate, salade. LE CHEESE BACON \u200b(Unit\u00e9) 7,70\u20ac - (Menu frites + boisson)&nbsp;13,70\u20ac Steak \u200b(150g), cheddar, oignons rouges, bacon, sauce BBQ maison, oignons frits, tomate, salade. LE FRENCHIE (Unit\u00e9) [&hellip;]","og_url":"https:\/\/lafabrique-lessables.com\/?page_id=13","og_site_name":"Mangerie La Fabrique Les Sables d&#039;Olonne","article_modified_time":"2025-05-09T10:04:11+00:00","twitter_card":"summary_large_image","twitter_misc":{"Dur\u00e9e de lecture estim\u00e9e":"1 minute"},"schema":{"@context":"https:\/\/schema.org","@graph":[{"@type":"WebPage","@id":"https:\/\/lafabrique-lessables.com\/?page_id=13","url":"https:\/\/lafabrique-lessables.com\/?page_id=13","name":"Les Burgers - Mangerie La Fabrique Les Sables d&#039;Olonne","isPartOf":{"@id":"https:\/\/lafabrique-lessables.com\/#website"},"datePublished":"2019-06-28T16:11:43+00:00","dateModified":"2025-05-09T10:04:11+00:00","breadcrumb":{"@id":"https:\/\/lafabrique-lessables.com\/?page_id=13#breadcrumb"},"inLanguage":"fr-FR","potentialAction":[{"@type":"ReadAction","target":["https:\/\/lafabrique-lessables.com\/?page_id=13"]}]},{"@type":"BreadcrumbList","@id":"https:\/\/lafabrique-lessables.com\/?page_id=13#breadcrumb","itemListElement":[{"@type":"ListItem","position":1,"name":"Accueil","item":"https:\/\/lafabrique-lessables.com\/"},{"@type":"ListItem","position":2,"name":"Les Burgers"}]},{"@type":"WebSite","@id":"https:\/\/lafabrique-lessables.com\/#website","url":"https:\/\/lafabrique-lessables.com\/","name":"Mangerie La Fabrique Les Sables d&#039;Olonne","description":"Burgers, Wraps, Panini, Kebab, Crock, livr\u00e9 \u00e0 domicile.","potentialAction":[{"@type":"SearchAction","target":{"@type":"EntryPoint","urlTemplate":"https:\/\/lafabrique-lessables.com\/?s={search_term_string}"},"query-input":{"@type":"PropertyValueSpecification","valueRequired":true,"valueName":"search_term_string"}}],"inLanguage":"fr-FR"}]}},"jetpack_sharing_enabled":true,"_links":{"self":[{"href":"https:\/\/lafabrique-lessables.com\/index.php?rest_route=\/wp\/v2\/pages\/13","targetHints":{"allow":["GET"]}}],"collection":[{"href":"https:\/\/lafabrique-lessables.com\/index.php?rest_route=\/wp\/v2\/pages"}],"about":[{"href":"https:\/\/lafabrique-lessables.com\/index.php?rest_route=\/wp\/v2\/types\/page"}],"author":[{"embeddable":true,"href":"https:\/\/lafabrique-lessables.com\/index.php?rest_route=\/wp\/v2\/users\/1"}],"replies":[{"embeddable":true,"href":"https:\/\/lafabrique-lessables.com\/index.php?rest_route=%2Fwp%2Fv2%2Fcomments&post=13"}],"version-history":[{"count":69,"href":"https:\/\/lafabrique-lessables.com\/index.php?rest_route=\/wp\/v2\/pages\/13\/revisions"}],"predecessor-version":[{"id":566,"href":"https:\/\/lafabrique-lessables.com\/index.php?rest_route=\/wp\/v2\/pages\/13\/revisions\/566"}],"wp:attachment":[{"href":"https:\/\/lafabrique-lessables.com\/index.php?rest_route=%2Fwp%2Fv2%2Fmedia&parent=13"}],"curies":[{"name":"wp","href":"https:\/\/api.w.org\/{rel}","templated":true}]}}